he units digit of 194022?
2
What is the ten thousands digit of 2942615?
4
What is the millions digit of 2699201?
2
What is the millions digit of 24712056?
4
What is the thousands digit of 8462?
8
What is the hundred thousands digit of 113239?
1
What is the hundred thousands digit of 396334?
3
What is the hundred thousands digit of 5205979?
2
What is the ten thousands digit of 7823598?
2
What is the tens digit of 202585?
8
What is the hundreds digit of 850896?
8
What is the ten millions digit of 33518608?
3
What is the thousands digit of 13140752?
0
What is the tens digit of 1873501?
0
What is the tens digit of 21061588?
8
What is the ten thousands digit of 13582719?
8
What is the units digit of 1149551?
1
What is the ten thousands digit of 10768114?
6
What is the thousands digit of 45382?
5
What is the tens digit of 85504?
0
What is the tens digit of 29323?
2
What is the thousands digit of 1010089?
0
What is the millions digit of 3050766?
3
What is the ten thousands digit of 4320391?
2
What is the hundred thousands digit of 1121019?
1
What is the ten thousands digit of 5037741?
3
What is the millions digit of 1003069?
1
What is the thousands digit of 358734?
8
What is the thousands digit of 27804220?
4
What is the units digit of 612773?
3
What is the hundreds digit of 158547?
5
What is the hundreds digit of 2781623?
6
What is the units digit of 596612?
2
What is the thousands digit of 17443776?
3
What is the hundreds digit of 65036?
0
What is the thousands digit of 1554534?
4
What is the hundreds digit of 4382112?
1
What is the ten thousands digit of 58406?
5
What is the hundreds digit of 240610?
6
What is the ten thousands digit of 101304?
0
What is the thousands digit of 95163?
5
What is the units digit of 689146?
6
What is the ten thousands digit of 450350?
5
What is the hundreds digit of 7282435?
4
What is the units digit of 586555?
5
What is the hundred thousands digit of 17701422?
7
What is the hundreds digit of 7954339?
3
What is the units digit of 533051?
1
What is the hundreds digit of 25367990?
9
What is the hundred thousands digit of 188401?
1
What is the thousands digit of 2898397?
8
What is the ten thousands digit of 1196561?
9
What is the tens digit of 413465?
6
What is the tens digit of 1994909?
0
What is the millions digit of 5478913?
5
What is the hundreds digit of 90834?
8
What is the ten thousands digit of 240432?
4
What is the tens digit of 4210019?
1
What is the tens digit of 582427?
2
What is the hundreds digit of 393528?
5
What is the units digit of 881388?
8
What is the hundred thousands digit of 680932?
6
What is the hundreds digit of 407430?
4
What is the units digit of 2136159?
9
What is the tens digit of 72577?
7
What is the hundreds digit of 478207?
2
What is the tens digit of 6600?
0
What is the units digit of 280503?
3
What is the hundred thousands digit of 414836?
4
What is the ten thousands digit of 2039541?
3
What is the ten thousands digit of 4977006?
7
What is the tens digit of 488330?
3
What is the thousands digit of 156169?
6
What is the ten thousands digit of 274940?
7
What is the thousands digit of 2129858?
9
What is the thousands digit of 738736?
8
What is the thousands digit of 6331973?
1
What is the tens digit of 8859?
5
What is the hundred thousands digit of 10749639?
7
What is the ten thousands digit of 31597254?
9
What is the thousands digit of 80720?
0
What is the thousands digit of 293364?
3
What is the hundred thousands digit of 20483314?
4
What is the ten thousands digit of 847606?
4
What is the thousands digit of 3802715?
2
What is the millions digit of 1678807?
1
What is the tens digit of 870588?
8
What is the ten thousands digit of 289521?
8
What is the millions digit of 6788890?
6
What is the units digit of 18096473?
3
What is the ten thousands digit of 2094338?
9
What is the ten thousands digit of 2539737?
3
What is the tens digit of 89704?
0
What is the hundreds digit of 352471?
4
What is the tens digit of 363282?
8
What is the units digit of 788242?
2
What is the ten thousands digit of 4215900?
1
What is the hundreds digit of 25082745?
7
What is the hundreds digit of 177356?
3
What is the hundreds digit of 316728?
7
What is the hundred thousands digit of 592689?
5
What is the thousands digit of 1447031?
7
What is the hundred thousands digit of 1056646?
0
What is the hundreds digit of 29711536?
5
What is the hundred thousands digit of 5502177?
5
What is the units digit of 857442?
2
What is the thousands digit of 2526145?
6
What is the ten thousands digit of 1405084?
0
What is the hundreds digit of 7392830?
8
What is the units digit of 950459?
9
What is the units digit of 9959847?
7
What is the units digit of 434891?
1
What is the units digit of 300513?
3
What is the units digit of 1109089?
9
What is the thousands digit of 5918701?
8
What is the hundred thousands digit of 194974?
1
What is the units digit of 2393142?
2
What is the ten millions digit of 16165622?
1
What is the units digit of 885399?
9
What is the ten millions digit of 19303594?
1
What is the ten thousands digit of 2037320?
3
What is the hundreds digit of 31221685?
6
What is the thousands digit of 842675?
2
What is the thousands digit of 36028?
6
What is the tens digit of 41555?
5
What is the hundreds digit of 6330952?
9
What is the hundreds digit of 81992?
9
What is the millions digit of 6858361?
6
What is the thousands digit of 18870029?
0
What is the tens digit of 946794?
9
What is the hundreds digit of 2562?
5
What is the ten thousands digit of 1780612?
8
What is the thousands digit of 238292?
8
What is the hundreds digit of 563938?
9
What is the ten thousands digit of 14350181?
5
What is the tens digit of 4399391?
9
What is the millions digit of 2539544?
2
What is the hundred thousands digit of 14157196?
1
What is the units digit of 1863281?
1
What is the hundreds digit of 96529?
5
What is the ten thousands digit of 528541?
2
What is the units digit of 7620342?
2
What is the units digit of 1445951?
1
What is the units digit of 5035424?
4
What is the ten thousands digit of 778001?
7
What is the millions digit of 3698635?
3
What is the hundred thousands digit of 3021676?
0
What is the thousands digit of 319374?
9
What is the units digit of 2410066?
6
What is the units digit of 12681691?
1
What is the thousands digit of 7306329?
6
What is the ten thousands digit of 28185579?
8
What is the ten thousands digit of 58061?
5
What is the millions digit of 15673565?
5
What is the millions digit of 1702685?
1
What is the thousands digit of 940489?
0
What is the ten thousands digit of 378626?
7
What is the hundreds digit of 37791?
7
What is the ten millions digit of 21619885?
2
What is the thousands digit of 27116519?
6
What is the units digit of 45611?
1
What is the ten thousands digit of 12456718?
5
What is the hundreds digit of 533703?
7
What is the millions digit of 6423080?
6
What is the ten thousands digit of 168430?
6
What is the millions digit of 4613454?
4
What is the hundreds digit of 6272893?
8
What is the thousands digit of 1853585?
3
What is the thousands digit of 27788311?
8
What is the ten millions digit of 11870637?
1
What is the hundred thousands digit of 258670?
2
What is the hundreds digit of 301368?
3
What is the ten thousands digit of 173629?
7
What is the tens digit of 1227542?
4
What is the hundred thousands digit of 189233?
1
What is the hundreds digit of 11588?
5
What is the hundred thousands digit of 7574917?
5
What is the millions digit of 4241570?
4
What is the hundreds digit of 154854?
8
What is the hundreds digit of 412170?
1
What is the thousands digit of 1357068?
7
What is the tens digit of 373677?
7
What is the ten thousands digit of 24571?
2
What is the ten thousands digit of 4757015?
5
What is the hundreds digit of 13522937?
9
What is the units digit of 8306958?
8
What is the ten thousands digit of 593851?
9
What is the hundreds digit of 112364?
3
What is the ten thousands digit of 1444088?
4
What is the hundred thousands digit of 1202757?
2
What is the hundreds digit of 6774125?
1
What is the thousands digit of 86615?
6
What is the ten thousands digit of 9294505?
9
What is the millions digit of 13567830?
3
What is the millions digit of 2328895?
2
What is the units digit of 153617?
7
What is 